{"id":5210,"date":"2021-06-08T15:41:42","date_gmt":"2021-06-08T15:41:42","guid":{"rendered":"http:\/\/3.78.172.146\/product\/maya-16\/"},"modified":"2025-09-02T14:10:26","modified_gmt":"2025-09-02T14:10:26","slug":"maya-idro-16","status":"publish","type":"products","link":"https:\/\/cadelsrl.com\/es\/product\/maya-idro-16\/","title":{"rendered":"Maya Idro 16"},"content":{"rendered":"La estufa ventilada, pensada para espacios limitados y apta para el uso en pasillos o habitaciones de paso, sin renunciar a una calefacci\u00f3n ecol\u00f3gica y econ\u00f3mica. Disponible tambi\u00e9n en la versi\u00f3n 24 kW.","protected":false},"featured_media":35134,"template":"","categories-product":[264,272],"class_list":["post-5210","products","type-products","status-publish","has-post-thumbnail","hentry","categories-product-estufas-de-pellet","categories-product-hidro","smoke-exhaust-superior-y-trasero","type-product-para-espacios-reducidos","heatable-surface-101-130-es","nominal-power-1501-20-es","collection-product-pellet-hydro-es"],"acf":{"cod_prod":"7022283"},"_links":{"self":[{"href":"https:\/\/cadelsrl.com\/es\/wp-json\/wp\/v2\/products\/5210","targetHints":{"allow":["GET"]}}],"collection":[{"href":"https:\/\/cadelsrl.com\/es\/wp-json\/wp\/v2\/products"}],"about":[{"href":"https:\/\/cadelsrl.com\/es\/wp-json\/wp\/v2\/types\/products"}],"version-history":[{"count":9,"href":"https:\/\/cadelsrl.com\/es\/wp-json\/wp\/v2\/products\/5210\/revisions"}],"predecessor-version":[{"id":35148,"href":"https:\/\/cadelsrl.com\/es\/wp-json\/wp\/v2\/products\/5210\/revisions\/35148"}],"wp:featuredmedia":[{"embeddable":true,"href":"https:\/\/cadelsrl.com\/es\/wp-json\/wp\/v2\/media\/35134"}],"wp:attachment":[{"href":"https:\/\/cadelsrl.com\/es\/wp-json\/wp\/v2\/media?parent=5210"}],"wp:term":[{"taxonomy":"categories-product","embeddable":true,"href":"https:\/\/cadelsrl.com\/es\/wp-json\/wp\/v2\/categories-product?post=5210"}],"curies":[{"name":"wp","href":"https:\/\/api.w.org\/{rel}","templated":true}]}}

La estufa ventilada, pensada para espacios limitados y apta para el uso en pasillos o habitaciones de paso, sin renunciar a una calefacción ecológica y económica. Disponible también en la versión 24 kW.
