{"id":5182,"date":"2021-06-08T15:05:41","date_gmt":"2021-06-08T15:05:41","guid":{"rendered":"http:\/\/3.78.172.146\/product\/perla-7\/"},"modified":"2025-08-28T08:21:23","modified_gmt":"2025-08-28T08:21:23","slug":"perla-7","status":"publish","type":"products","link":"https:\/\/cadelsrl.com\/es\/product\/perla-7\/","title":{"rendered":"Perla 7"},"content":{"rendered":"<p class=\"p1\">La Perla se retoca el <em>look<\/em> con nuevos acabados para sus laterales en acero, remodelando las formas de la encimera en fundici\u00f3n e introduciendo una c\u00e1mara de combusti\u00f3n innovadora. C\u00e1mara estanca en dotaci\u00f3n y posibilidad de laterales en cer\u00e1mica.<\/p>","protected":false},"featured_media":34618,"template":"","categories-product":[264,280],"class_list":["post-5182","products","type-products","status-publish","has-post-thumbnail","hentry","categories-product-estufas-de-pellet","categories-product-ventiladas","finishes-product-metal-antracita","finishes-product-mayolica-blanco","finishes-product-metal-blanco","finishes-product-mayolica-marfil","finishes-product-mayolica","finishes-product-metal","finishes-product-mayolica-rojo","finishes-product-metal-rojo","smoke-exhaust-trasero","type-product-cuadrado","heatable-surface-61-80-es","nominal-power--7-es","collection-product-pellet-air-es"],"acf":{"cod_prod":"7025101"},"_links":{"self":[{"href":"https:\/\/cadelsrl.com\/es\/wp-json\/wp\/v2\/products\/5182","targetHints":{"allow":["GET"]}}],"collection":[{"href":"https:\/\/cadelsrl.com\/es\/wp-json\/wp\/v2\/products"}],"about":[{"href":"https:\/\/cadelsrl.com\/es\/wp-json\/wp\/v2\/types\/products"}],"version-history":[{"count":16,"href":"https:\/\/cadelsrl.com\/es\/wp-json\/wp\/v2\/products\/5182\/revisions"}],"predecessor-version":[{"id":34623,"href":"https:\/\/cadelsrl.com\/es\/wp-json\/wp\/v2\/products\/5182\/revisions\/34623"}],"wp:featuredmedia":[{"embeddable":true,"href":"https:\/\/cadelsrl.com\/es\/wp-json\/wp\/v2\/media\/34618"}],"wp:attachment":[{"href":"https:\/\/cadelsrl.com\/es\/wp-json\/wp\/v2\/media?parent=5182"}],"wp:term":[{"taxonomy":"categories-product","embeddable":true,"href":"https:\/\/cadelsrl.com\/es\/wp-json\/wp\/v2\/categories-product?post=5182"}],"curies":[{"name":"wp","href":"https:\/\/api.w.org\/{rel}","templated":true}]}}

<p class="p1">La Perla se retoca el <em>look</em> con nuevos acabados para sus laterales en acero, remodelando las formas de la encimera en fundición e introduciendo una cámara de combustión innovadora. Cámara estanca en dotación y posibilidad de laterales en cerámica.</p>
